f 12129 and 704964.
39
What is the greatest common factor of 537 and 108589813?
179
What is the highest common divisor of 1640 and 2038576580?
820
Calculate the greatest common divisor of 69825 and 2370.
15
Calculate the highest common factor of 97498291 and 242.
121
What is the highest common factor of 490284 and 2988?
36
Calculate the greatest common factor of 702 and 132626598.
78
What is the greatest common factor of 22015 and 4046875?
1295
What is the highest common factor of 160617 and 759675?
4341
Calculate the greatest common factor of 910 and 51070390.
70
Calculate the highest common factor of 294021 and 2093.
91
Calculate the highest common factor of 28864439 and 14288.
893
What is the highest common divisor of 4656941 and 789?
263
Calculate the greatest common divisor of 66822 and 892514.
518
Calculate the greatest common factor of 130512 and 105408.
48
What is the greatest common factor of 102689813 and 192337?
3629
Calculate the highest common divisor of 1769 and 692259.
29
Calculate the highest common divisor of 137124414 and 17.
17
What is the greatest common divisor of 24089288 and 8?
8
What is the highest common divisor of 48080 and 70880?
80
Calculate the highest common divisor of 1724 and 7213647.
431
Calculate the highest common factor of 54662201 and 33.
11
What is the greatest common factor of 429532 and 15476?
292
What is the greatest common divisor of 6450709 and 6137?
361
What is the greatest common divisor of 128101300 and 6200?
3100
Calculate the highest common divisor of 68 and 1164315448.
68
Calculate the greatest common factor of 35 and 41772955.
35
Calculate the greatest common factor of 2060856 and 1607256.
1512
What is the greatest common factor of 944 and 17700413?
59
What is the greatest common divisor of 432 and 1170396?
108
Calculate the highest common divisor of 129 and 23946399.
129
Calculate the highest common factor of 2907 and 91993383.
171
What is the highest common divisor of 11603 and 2461517?
41
Calculate the highest common divisor of 21931 and 84097.
13
What is the greatest common factor of 597101778 and 55965?
11193
Calculate the greatest common factor of 575501 and 21590.
17
Calculate the highest common divisor of 166600 and 10976441.
833
Calculate the highest common factor of 268 and 68814494.
134
Calculate the highest common factor of 392 and 489902.
98
Calculate the highest common divisor of 3331595 and 376.
47
What is the greatest common factor of 2457 and 1241331?
273
Calculate the highest common divisor of 16164 and 155519232.
5388
What is the highest common divisor of 1699385 and 3195?
355
What is the greatest common divisor of 12899304 and 33916?
244
Calculate the greatest common factor of 3320988867 and 126.
63
Calculate the highest common factor of 224 and 104300.
28
Calculate the greatest common divisor of 3299 and 913314954.
3299
What is the greatest common factor of 472263 and 1067?
11
Calculate the highest common factor of 30018950 and 1300.
650
What is the highest common factor of 194043622 and 1912?
478
Calculate the highest common factor of 4651749 and 321177.
2127
What is the greatest common factor of 192340 and 140125?
295
What is the greatest common factor of 14723368 and 1056?
88
What is the greatest common divisor of 896661 and 37?
1
Calculate the greatest common divisor of 1208473 and 1297577.
5569
What is the greatest common factor of 4097 and 1287846883?
4097
Calculate the highest common factor of 687 and 9226410.
687
Calculate the highest common factor of 1364545 and 17615.
65
What is the greatest common divisor of 12726 and 342594?
126
What is the highest common factor of 21529680 and 80?
80
Calculate the highest common divisor of 24632696 and 1584.
88
Calculate the highest common factor of 366224 and 14852.
188
Calculate the greatest common factor of 92304 and 36976.
16
What is the highest common factor of 3577311 and 39339?
1269
What is the highest common divisor of 133094507 and 8785?
1757
Calculate the highest common factor of 41 and 1922819927.
41
What is the highest common divisor of 41175 and 166816395?
8235
Calculate the highest common divisor of 11304105 and 256665.
3615
What is the greatest common divisor of 725 and 171285020?
145
What is the highest common divisor of 3502 and 3847748958?
3502
Calculate the highest common divisor of 18146727 and 444393.
4077
What is the greatest common divisor of 21567543 and 51?
51
What is the greatest common divisor of 261071006 and 6244?
3122
What is the greatest common factor of 250866559 and 3886?
1943
What is the highest common divisor of 16834519 and 10881?
403
Calculate the highest common factor of 28 and 764390606.
14
Calculate the greatest common divisor of 29575911 and 9.
3
Calculate the highest common divisor of 1197504 and 30132.
972
What is the highest common divisor of 3854888 and 328?
8
What is the greatest common factor of 2417040665 and 3783?
1261
What is the highest common factor of 10562776 and 560?
56
What is the highest common divisor of 24002649 and 10044?
2511
What is the greatest common factor of 1190 and 6258040?
170
Calculate the highest common factor of 61750950 and 2850.
2850
Calculate the greatest common factor of 35969750 and 450.
50
Calculate the highest common divisor of 6 and 146615019.
3
What is the greatest common factor of 644 and 5405428?
28
What is the greatest common divisor of 2770 and 67419030?
2770
What is the highest common factor of 3262 and 239138618?
466
What is the greatest common factor of 3476 and 573180234?
1738
What is the highest common factor of 24 and 60511395?
3
Calculate the highest common divisor of 32364240 and 30.
30
What is the highest common factor of 111159 and 360?
9
Calculate the greatest common factor of 145472220 and 540.
540
What is the greatest common factor of 1443 and 518856?
39
What is the greatest common divisor of 276844 and 180498?
134
What is the greatest common divisor of 539 and 10040051?
49
What is the greatest common factor of 291967 and 903823?
607
What is the highest common factor of 166543 and 560326?
299
Calculate the highest common factor of 90392352 and 12.
12
Calculate the highest common divisor of 9905 and 91175.
35
Calculate the greatest common divisor of 6385060 and 660.
220
What is the highest common factor of 66451 and 177023?
77
What is the greatest common divisor of 11275 and 10896160?
2255
What is the highest common factor of 153 and 38937072?
51
What is the greatest common factor of 134084939 and 7798?
557
Calculate the greatest common factor of 118884 and 906.
6
What is the highest common factor of 56 and 6831538?
14
Calculate the greatest common divisor of 31 and 8885189.
31
What is the highest common factor of 9516 and 34176836?
244
What is the greatest common divisor of 1096 and 22442792?
1096
What is the highest common divisor of 5957 and 54156382?
259
Calculate the highest common divisor of 239717796 and 2768.
692
What is the highest common factor of 315 and 2584610?
35
What is the greatest common divisor of 268348668 and 8442?
2814
What is the highest common factor of 5401 and 1133?
11
Calculate the greatest common divisor of 683006 and 1016.
254
What is the greatest common factor of 70890108 and 2421?
807
What is the highest common factor of 9480 and 1241160?
120
Calculate the highest common divisor of 15895 and 71555.
55
Calculate the greatest common divisor of 2268 and 283603194.
1134
Calculate the highest common factor of 1005 and 34524095.
335
What is the greatest common divisor of 686832 and 13407?
123
What is the highest common factor of 60405534 and 12?
6
What is the greatest common divisor of 266 and 1450568?
14
What is the highest common divisor of 30 and 21458230?
10
Calculate the highest common factor of 560376 and 111858.
1086
Calculate the greatest common factor of 6395 and 2093723.
1279
Calculate the highest common divisor of 718251 and 119.
1
What is the highest common divisor of 1056 and 8275776?
96
What is the greatest common factor of 30144 and 3124544?
64
What is the highest common factor of 4251225 and 2150?
25
What is the highest common factor of 130121292 and 58947?
8421
What is the greatest common divisor of 3471932 and 148?
148
What is the highest common factor of 8362450 and 1250?
50
Calculate 